- 4*j + 502 = 2*v, -3*j + 5*v = -396. Is j prime?
True
Let f(a) = -a**3 + 2*a**2 + 5*a - 2. Let m be f(-12). Suppose -2*x + 4*c + 962 = 0, -3*c + c = 4*x - m. Is x a composite number?
False
Let o(n) = -n**2 - 3*n + 12. Let i be o(-5). Suppose i*d - 74 = -12. Is d a composite number?
False
Is 11372/10*(-80)/(-64)*2 composite?
False
Let n = 6 + -7. Is (-1 - -2)*(36 - n) prime?
True
Is ((-4)/10)/(11/(-8195)) a prime number?
False
Suppose -2*g = -4*l - 3*g + 5, -7 = 4*l + 5*g. Suppose l*a + 2*a = 3*m - 95, -5*a = -2*m + 54. Is m a prime number?
True
Suppose 6*p - 56 = 2*p. Is p composite?
True
Let h(b) = b**3 - 15*b**2 - 24*b - 43. Is h(21) prime?
True
Suppose -a = 3, -j + 3 = -0*j - a. Suppose j = 3*c - 58 - 47. Is c composite?
True
Suppose -5*x = 3*g - 2*x - 246, -4*g = -3*x - 307. Is g a composite number?
False
Suppose 24 = 2*f + 2*m + 6, -5*f + 5*m = -5. Suppose 4 + 1 = -f*v. Is 33 - ((1 - v) + 0) prime?
True
Let y(i) be the first derivative of -i**4/4 - 10*i**3/3 - 5*i**2 + 13*i + 4. Is y(-9) a composite number?
True
Let h(u) be the third derivative of -55*u**4/24 + u**3/2 + u**2. Is h(-10) composite?
True
Let g(r) = r**2 - 6*r - 6. Let d be -2 + -6 + 4 + -3. Is g(d) a prime number?
False
Let v(f) = -f**3 + 3*f**2 + 3*f + 5. Let o be v(4). Is (1754/8)/(o/4) a composite number?
False
Let g(p) = p + 4. Let r be g(-13). Let q(z) = -z**3 - 7*z**2 + z - 12. Is q(r) a prime number?
False
Let f be 9 - 5 - 1*2. Suppose -w - 41 = 3*j - 205, -f*j = w - 169. Is w composite?
False
Let t(b) = 13*b - 7. Let r be t(12). Let y = r + 30. Is y composite?
False
Let n = -3293 - -5305. Let r = 2919 - n. Is r prime?
True
Let c be (-6)/(((-9)/2)/3). Suppose 25 = -0*v + v - 4*k, 0 = 5*v - c*k - 109. Is v a prime number?
False
Suppose 3*k - 310 = -3*u + 266, u - 5 = 0. Let l = -134 + k. Is l a composite number?
False
Let n be (-14)/(-10) + (-4)/10. Let v(h) = 14*h**3 + 2*h**2 - 1. Let i be v(n). Suppose -2*p = -p - i. Is p composite?
True
Suppose 0*k - 3370 = -4*k - 3*z, -2*z + 4 = 0. Is k a composite number?
True
Let l be 509 + 0 - (-4 + 5). Suppose -l = -8*i + 4*i. Is i a prime number?
True
Let a(t) = 14*t**3 - 12*t**2 + 9*t + 5. Suppose -2*g - 3*g - 55 = 0. Let l(q) = -5*q**3 + 4*q**2 - 3*q - 2. Let u(r) = g*l(r) - 4*a(r). Is u(3) composite?
False
Let y(a) = -a**3 - 20*a**2 - 24*a + 32. Is y(-19) a composite number?
False
Let n = -26331 + -9144. Is 4/(-22) + n/(-121) a prime number?
True
Let g = 148 + 43. Is g prime?
True
Let z(m) = 3*m**3 + 0 - 3*m**3 + 3*m**3 - 3*m**2 - 3. Is z(3) composite?
True
Suppose -4*m - 1168 = -19436. Is m prime?
True
Suppose -6*i - 3*b + 9638 = -i, 5*i - 3*b - 9632 = 0. Is i a composite number?
True
Is ((-2122)/(-5))/(6/15) composite?
False
Suppose 0 = -4*m - 248 + 32. Let y = m + 123. Is y a prime number?
False
Is ((-214)/3)/(2/(-15)) composite?
True
Suppose g = 4*p + 364 + 633, 5*p = 15. Is g a composite number?
False
Is (-8)/20 + 727/5 a prime number?
False
Let h be 8/(-28) - (-72)/7. Let v(u) = 4*u - 14. Is v(h) prime?
False
Suppose 6 = -4*f + 22, -20 = -4*t - 5*f. Let d be 552/(-4) - t/(-2). Is (-3)/(27/d)*3 a composite number?
True
Suppose -4*q - 5*v + 2565 = 0, -2*q + 354 = 5*v - 941. Is q a composite number?
True
Let a(y) = y**2 + 17*y + 14. Is a(-17) a composite number?
True
Suppose 2*w - 35 = -5*n + 4*w, 0 = 2*n - 4*w - 30. Let t(j) = -j - 1. Let i be t(-1). Suppose i*d - 615 = -n*d. Is d a prime number?
False
Let h(m) = 14*m**2 + m + 1. Let z = -1 + -1. Is h(z) a composite number?
True
Let r(z) = z**2 + 3*z - 3. Is r(5) a composite number?
False
Let f be (-66)/(-8) - (-1)/(-4). Let k = 11 - f. Suppose -5 - 10 = -5*w, -u + k*w = -4. Is u composite?
False
Is 324*(2 - 5/10) - -3 prime?
False
Let j(z) = -z**3 - 4*z**2 + 3*z - 5. Let n be j(-5). Let x = n + -4. Is (-98)/(-1) + -1*x a composite number?
False
Let o = -3 + 7. Suppose -o*s + 733 = -7*y + 2*y, y + 184 = s. Is s a prime number?
False
Let i = 60 - 175. Let u = 208 + i. Is u a composite number?
True
Suppose -8 = -5*q + 3*k, 3*q = -q + 4*k. Let m = -25 + 11. Is (-188)/(-28) - q/m prime?
True
Let z = -270 - -493. Is z prime?
True
Let r be (-3)/9*-1*0. Suppose 5*a - 3*a + 3*c = 386, r = -a - 3*c + 199. Is a a composite number?
True
Suppose -4*r + 2*r = -b - 426, -5*b + 191 = r. Is r a prime number?
True
Suppose -5*w = -2*u - 330 - 1743, -2*w = -2*u - 828. Is w a prime number?
False
Let q = -5 - -5. Let i(j) = -4*j + j - 7 + q*j - 4*j. Is i(-6) composite?
True
Let o be 5/(-2 + 1 + 0). Let z be 39/15 - 2/o. Let y(a) = 2*a**3 - 2*a**2 - a + 4. Is y(z) prime?
True
Is 1940/6*(-72)/(-30) + 2 a composite number?
True
Suppose 4 = 3*i - 2. Is 424 + 4 + (5 - i) a composite number?
False
Let o = 1 - 3. Is 6/12 - 109/o a prime number?
False
Suppose -2*p + 14 = -2*a, -28 = 4*a + 2*p + 3*p. Let m = 6 + a. Is ((-2)/6)/(m/69) prime?
True
Suppose 2*y - 4 = -3*j, 4 + 4 = j + 4*y. Suppose 2*h + h - 9 = j. Suppose 39 = 3*p + 3*r, h*p = 2*p - 4*r + 13. Is p a composite number?
False
Let r(m) = -27*m. Let n be r(-3). Let u(l) = l**3 - 4*l**2 - 5*l + 5. Let c be u(5). Suppose 314 = c*b - n. Is b a prime number?
True
Let p(s) = -s**3 - 3*s**2 - 5*s - 4. Let d be p(-3). Let t = -7 + d. Suppose 5*k - 2*y = 100 + 69, t*k - 3*y = 131. Is k composite?
True
Let k = -5 - -6. Let t(d) = -d**2 + 7*d + 10. Let w be t(8). Is (w/k - -49) + 2 a prime number?
True
Let v(g) = -3*g + 11. Suppose 2*x + h + 26 = 0, 5*x + h + 58 = 2*h. Is v(x) prime?
True
Is (-1*941)/(10/(-10)) composite?
False
Let l(j) = 25*j - 11. Let d(h) be the third derivative of 13*h**4/12 - 5*h**3/3 - 2*h**2. Let r(y) = 6*d(y) - 5*l(y). Is r(4) a composite number?
True
Let t(r) = -r + 1. Let a be t(-1). Suppose 2*x = -a*q + 3*x + 101, -5*q + 285 = 4*x. Is q a composite number?
False
Let z(r) = 8*r**2 - 20*r + 49. Is z(-23) a composite number?
True
Let w = 2193 - 998. Is w prime?
False
Suppose 4*f - 48 = 28. Let c = -10 + f. Is 1023/c - (-2)/(-3) a prime number?
True
Let z(r) = 60*r + 7. Is z(5) composite?
False
Let s = -850 - -1299. Is s prime?
True
Let r = -20 - -25. Suppose 889 = r*d - 2*g, 0 = -g + 2*g - 3. Is d a prime number?
True
Let s(m) = 23*m + 26*m + 2 + 20*m. Is s(5) a composite number?
False
Let v(j) = 52*j**2 + 6*j - 7. Is v(3) composite?
False
Suppose -5*o + o + 30 = 5*k, 19 = 5*o - 3*k. Let q(b) = b**3 - 4*b**2 - 8*b + 6. Let w be q(o). Is 66/w*3*-1 a composite number?
True
Let p be (-1520)/(-12) - (-2)/6. Suppose -5*n = -4*n - p. Is n a prime number?
True
Let h = -555 - -934. Is h a composite number?
False
Suppose -3*v - 2*v = -1490. Is v a composite number?
True
Suppose -j - 975 = -4*j. Suppose 3*s - 8*s + j = 0. Is s prime?
False
Let c = 1467 - 1030. Is c composite?
True
Suppose 162 = -z - 5*o + 1576, 3*o + 4332 = 3*z. Is z a composite number?
False
Let o be ((-88)/4)/(2/7). Let y = o + 286. Let x = -96 + y. Is x prime?
True
Let o(p) = -2*p**2 - 2*p - 1. Let w be o(-3). Let c = w - -28. Is c prime?
False
Suppose 4*y + 24 = 2*x, 4*x = -0*y + 5*y + 33. Let r(c) = -34*c**3 + c**2 + 2*c. Let v be r(x). Let i = v + 377. Is i prime?
True
Let w(r) = -3 + 232*r + 62*r + 6 - 4. Is w(1) a prime number?
True
Is 484*((-36)/16)/(-9) prime?
False
Let s(r) = -2*r - 7. Let w be s(-6). Suppose 0 = -3*i + 3*n + 33, n = -w*i + 24 + 19. Is (-3)/((-4)/(264/i)) prime?
False
Is ((-7)/(28/368))/(-2) composite?
True
Suppose 0 = -4*b - 2*j + 1168, b + 2*j - 293 = j. Is b composite?
True
Let k(w) = -148*w - 39. Is k(-23) a prime number?
False
Suppose -21*v + 699 = -18*v. Is v prime?
True
Suppose -p = 2*p - 510. Let n = -102 + p. Is n + (-2 + 2 - 3) a composite number?
True
Suppose 2*o - 401 = 237. Is o a composite number?
True
Let h(p) = -32*p + 6. Let x be h(-7). Suppose -5*s + 3*z - 6*z = -x, z = 0. Is s composite?
True
Is 18/12*1402/3 composite?
False
Let b be (-5)/25 + 1/5. Suppose b = 2*q + 1 - 5. Suppose v + q*v = 57. Is v prime?
True
Let g = 495 + -46. Is g a composite number?
False
Let i(u) = u**3 - 2*u**2 - u - 1. Let f be i(3). Is (1 - -45) + f + -2 a prime number?
False
Suppose -5*h - 2*f + 2330 = -3*f, 0 = -5*f + 25. Is h prime?
True
Suppose 3*t - 3*n - 544 = -157, -t = n - 131. Let a be 4/14 - t/14. Is 575/45 - 2/a composite?
False
Let z(n) = -164*n**3 - 2*n**2 + 1. Is z(-1) prime?
True
Let z be (-147)/12 - (-1)/4. Is -14*(-3)/(z/(-62